 - 5*b**2 - b + 6. Let a be d(5). Let r(j) = 10*j + 10*j + 7 + a - 18*j. Calculate r(-6).
-4
Suppose -d - k + 1 = 0, -d - 5*k + 1 - 4 = 0. Let w = -2 + d. Suppose 0 = -3*q + 3 - w. Let c(l) = 7*l**2 - l + 1. Calculate c(q).
7
Let o(n) = -n + 8. Let g be o(8). Let i(j) = j - j**2 - 3*j + 7*j + 6 + g*j**2. Calculate i(5).
6
Let z(m) = -2*m - 3*m**3 - m**2 - m**3 + m + 10*m**3 + 1. Determine z(1).
5
Let h(d) = -7*d - 6 + 0*d + 4*d - 3. Let j = 11 + -17. Determine h(j).
9
Let u(q) = -1442*q + 1442*q + 2*q**2 + 4*q**2. Suppose 4*p - 2 - 2 = 0. Give u(p).
6
Suppose c = -5*l - 8, -4*c + l - 1 = -11. Let y(z) = -1 + 4*z + z + z**2 + c + 0*z. Give y(-4).
-3
Suppose 0*n + 5 = n. Let i(z) = z**2 - 5*z - 2. Calculate i(n).
-2
Let p(j) = 2*j**2 + j. Let z(s) = 7*s**2 + 3*s - 2. Let d(o) = 3*p(o) - z(o). Let m(w) = -w - 1. Let h be m(-3). Calculate d(h).
-2
Let o(b) = b**2 - 7*b + 10. Let z be o(6). Let u(q) = 1 - q**2 + 4*q - 7*q + z*q. What is u(-1)?
-1
Let r(p) = -2*p**3 - 3*p**2 - 2*p + 1. Let z be r(-2). Let q(w) = w**3 + 5*w**2 - 2*w**2 + w + 5*w - z*w. Give q(2).
14
Let b(a) be the third derivative of a**5/120 + a**4/4 + a**3/2 + 2*a**2. Let o(l) be the first derivative of b(l). Determine o(0).
6
Let w(f) = -f - 2. Let i(v) = -v - 1. Let s be i(-2). Let z = s - 0. Let t = z - 1. What is w(t)?
-2
Let b(r) be the second derivative of 4*r + 1/12*r**4 + r**2 + 0 + 7/6*r**3. Determine b(-5).
-8
Suppose -a = -4 - 5. Let o be a/15 + (-2)/(-5). Let z(j) be the first derivative of -8*j**3/3 + j**2/2 - 2. Give z(o).
-7
Let k be (2/(-2) - 6) + 2. Let l(r) = -2*r - 2. Calculate l(k).
8
Let q(f) = -2*f**2 - 1 - f + 0 + 3*f**2 - 4. Calculate q(5).
15
Let n(x) = 2*x**2 + 2*x + 1. Let r(k) = -2*k**2 - k - 1. Let l(d) = 4*n(d) + 5*r(d). Determine l(2).
-3
Let n(s) = s**2 + 6*s + 7. Let z be n(-4). Let c(l) = -5*l**2 - l. Determine c(z).
-4
Let c(p) = -p**3 - 5*p**2 - 4*p + 4. Let n be c(-4). Let b(o) = -3*o**2 - 1 + 3*o - 3 + 4*o**2 + n*o. Give b(-5).
-14
Let k(q) = -q. Suppose -5*m + 2 + 8 = 0. Suppose 0 = -m*l - x + 15, 10 = l + 3*l - 2*x. Calculate k(l).
-5
Let c(p) be the first derivative of 5*p**2/2 + p + 4. Determine c(-1).
-4
Let x(v) = 5*v**3 + v**2. Let t = -9 - -29. Suppose 3*q - 14 = -2*d, 4*q - t = -q. Calculate x(d).
6
Let p be (-2)/8 - 17/(-4). Let u(f) = -3*f - 1. Let j(l) = 4*l. Let w(n) = 2*j(n) + 3*u(n). What is w(p)?
-7
Let b(p) be the third derivative of -p**5/60 + p**4/4 - p**3/6 + p**2. Let i be 4/(-8)*-2 - 21. Let q = 25 + i. Determine b(q).
4
Let a be 4/18 + (-205)/(-9). Suppose 5*w - 83 = -a. Let n = w - 7. Let g(z) = -z**3 + 5*z**2 + 3*z - 7. What is g(n)?
8
Let g(k) = 2*k - 9. Let n be 2/((0 - -3)/9). Calculate g(n).
3
Let k(r) be the first derivative of -2*r**2 - 1/3*r**3 + 1 + 7*r. Give k(-5).
2
Suppose 0*l - 3*l = -3. Let x(f) = -7*f - 21. Let c(m) be the third derivative of -m**3/6 + 4*m**2. Let z(g) = -21*c(g) + x(g). Calculate z(l).
-7
Let l(a) = -a**2 - 4*a - 2. Let t be l(-4). Let c(k) be the first derivative of k**4/4 + k**3 - k**2/2 + 2*k - 6. Give c(t).
8
Let z(q) = q**3 - 6*q**2 + 6*q - 3. Suppose -10 - 10 = 2*v. Let n(d) = -10*d - 5. Let w be n(-2). Let j = v + w. Calculate z(j).
2
Let n(b) = -5 - 3 + 3*b + 1 - 2*b. Determine n(7).
0
Let k(h) = h**3 + 2*h**2. Let s(z) = z**3 + 2*z**2. Let y(m) = 5*k(m) - 6*s(m). What is y(-3)?
9
Suppose 3*m - 32 = u, 0*u - 4*m = -5*u - 127. Let c = -17 - u. Let z(o) = -o**3 + 6*o**2 - 3*o + 6. Determine z(c).
-12
Let q(s) = 11 - 3*s - 6 - 3. What is q(9)?
-25
Let i be (10/6)/((-3)/9). Let l(x) = -x - 2. Let p be l(-4). Let n(s) = -2*s**2 - 5 + 2*s**p - s**2 - 6*s. Calculate n(i).
0
Let c be -5 + (-1)/(-5)*0. Let y(k) be the third derivative of -k**6/120 - k**5/15 + k**4/4 + k**3 - 2*k**2. Give y(c).
1
Suppose 2 = 3*c - 2*c. Let a(b) = b**2 + 2*b + 1. Calculate a(c).
9
Let g(y) = y**3 - y - 10. Let q(p) = p**3 + p**2. Let c be q(0). Give g(c).
-10
Let f be (-9)/(-6)*(-3)/(-27). Let d(p) be the second derivative of 0*p**2 + 2*p + 0 - f*p**3. Give d(-2).
2
Let f(m) = m. Suppose 0*j = -j + 5. Let x(g) = -g**3 + 3*g**2 + 8*g + 2. Let d(k) = j*f(k) - x(k). Let s = 6 + -2. Calculate d(s).
2
Let o(k) = -483*k + 249*k + 240*k - 1 + k**2. What is o(-5)?
-6
Let c(k) = k**2 - 6*k + 4. Let q = -5 + 9. Determine c(q).
-4
Let d(c) = c - 4. Let q be 3*2*(-15)/(-18). Give d(q).
1
Let x(n) = -2*n - 2. Suppose 0 = 2*m - 0*m - 12. What is x(m)?
-14
Let n = -30 - -42. Suppose 4*t - 8 = n. Let o(i) = 2*i + 2. Calculate o(t).
12
Suppose 6*p = 5*p. Let x(r) be the third derivative of 2*r**2 + 0*r + 1/3*r**3 + 1/24*r**4 + p. Calculate x(-4).
-2
Let j = 16 + -6. Suppose -5*n + 7 = -0*n + 2*q, 5*n = -5*q + j. Let o(r) = -3*r + 8*r**3 + n - 3*r**3 + 6*r - 2*r. What is o(-1)?
-5
Let t(u) = -u - 3. Suppose 0 = 10*q - 6*q + 20. Calculate t(q).
2
Let w = 8 - 5. Let c be w/(-2 - -5)*2. Let x(n) = n**3 - 4*n**2 + 3*n - 3. What is x(c)?
-5
Let z be 8 - 3 - 7/((-21)/(-9)). Let n(x) be the second derivative of -z*x**2 - x**3 + x - 1/12*x**4 + 0. Give n(-3).
5
Let a(f) be the second derivative of f**4/12 - f**3/3 - f**2/2 + f. Let o(l) = -5*l - l**2 - 3 + 0*l**2 - 3 + 4. Let b be o(-5). Determine a(b).
7
Let c(q) be the second derivative of -q**2 + 1/12*q**4 - 2*q + 0 + 1/2*q**3. Determine c(-3).
-2
Let o = -3 + 6. Suppose -2*c + d + 9 = 0, -2*c - c + 18 = 3*d. Suppose o*k - 8 = c*k. Let b(p) = 2*p + 6. Determine b(k).
-2
Let x(l) be the third derivative of -l**6/120 - l**5/60 + l**4/24 + 4*l**2. Let g(b) = -3*b**3 - 8*b**2 + 3*b + 3. Let c(s) = -g(s) + 2*x(s). Calculate c(-6).
3
Let q = 16 - 9. Let c = -3 + q. Let p(t) = -t**3 + 5*t**2 - 5*t - 1. Determine p(c).
-5
Let f(s) = 13*s - 65. Let b(v) = 3*v - 16. Let a(g) = -9*b(g) + 2*f(g). Let z = 25 + -18. What is a(z)?
7
Let u(z) be the third derivative of 0 - 1/6*z**3 + 0*z - 5*z**2 - 1/24*z**4. Determine u(-5).
4
Let b(i) be the second derivative of -i**4/12 - i**3 - 3*i**2 + i. Suppose -a - 12 - 7 = -3*w, 3*w = -a + 11. Calculate b(a).
2
Let a(m) = m - 4. Let t be a(5). Suppose -t + 2 = b. Let p(z) = -z**3 - 1. Determine p(b).
-2
Let l(g) = g**2 + g + 11. Suppose 0 = j - p - 4*p, 0 = 2*j + 2*p. Give l(j).
11
Let s(n) = 3*n - 3*n - n + 4. Let d(y) = y - 8. Let r be d(8). Give s(r).
4
Suppose 0*m - 2*h + 2 = -m, -3*h - 2 = -4*m. Let k = -5 + 7. Let j(w) = -w**k + 3*w + 6*w**m + 2 - 3*w**2 + 2*w. What is j(-3)?
5
Let k(h) = -h**3 + 5*h**2 + 7*h - 4. Let u(i) = i**2 - 4*i - 4. Let l be u(6). Suppose l = 4*g - 16. Determine k(g).
2
Let t(a) = -10 + 6 + 3 - 8*a**2 + 2*a**2. Determine t(1).
-7
Let c(f) = f**2 + 6*f + 3. Let w = -3 + -4. Let z(n) = -n**3 - 8*n**2 - 5*n + 3. Let k be z(w). Let v = k - -6. What is c(v)?
-2
Let n(z) = -z**3 - 5*z**2 - 5*z + 2. Suppose 2*b - 3 = 5. Suppose -3*h = o - 31, 11 = 3*h + b*o - 8*o. Let k = h + -13. What is n(k)?
6
Let j(x) = -4*x**2 + 11*x - 7. Let c(g) = -2*g**2 + 5*g - 3. Let b(n) = -5*c(n) + 2*j(n). Let k be b(2). Let r(a) = -k*a**3 + 7*a**3 + 4*a**3. Give r(1).
8
Let r(z) = -z - 195 + 99 + z**3 + 6*z**2 + 95. Determine r(-6).
5
Let t(j) be the first derivative of j**4/4 - 2*j**3/3 - 2*j**2 + 2*j - 6. Calculate t(3).
-1
Let y(p) = -p**2 - 3*p + 8. Let w be y(-4). Let m(j) = j - w - 4*j + 3. What is m(-4)?
11
Suppose 0 = 3*h + 3*k - 3, 2*h + 3*k = 6*k + 2. Let d = 7 - h. Let c(p) = p**2 + d*p - 6*p + 4 + p**3. Give c(0).
4
Let c(l) = -2*l + 2. Let k = 155 + -155. Give c(k).
2
Let s(u) be the first derivative of u**4/4 + u**2/2 + 7*u + 1. Suppose 7*b = 3*b. Calculate s(b).
7
Let r(t) = -160 + 54 + 57 + 54 + 2*t. Determine r(8).
21
Let y(m) = m**2 - 5*m + 4. Let n = -5 - -31. Suppose -x + 6*x - n = -4*b, -5*x + 2*b + 32 = 0. What is y(x)?
10
Let y(d) = 9*d**3 + 9*d**2 - 4*d - 4. Let k(p) = -5*p**3 + 3 - 5*p**2 + 0 + 2*p - 1 + 0*p**2. Let w(z) = 11*k(z) + 6*y(z). Calculate w(-2).
6
Let q(h) = h**2 + 9*h + 11*h - 12*h + 9. Calculate q(-6).
-3
Let v(w) = 4*w - 1. Suppose 0 = -4*l - 16 + 20. Determine v(l).
3
Let s(r) = -r**3 + 4*r**2 - 2*r - 2. Let l(m) = -m**2 + 1. Let n be l(1). Let t be 2*(1 - (-1 - n)). Let f be t + (1 - (4 + -1)). Determine s(f).
2
Let v(s) = -2*s**3 + s**2 + s - 1. Let y(k) = -7*k**2 + 7*k. Let f(x) = 3*x**2 - 3*x. Let r(l) = 5*f(l) + 2*y(l). Let w be r(-1). Calculate v(w).
-11
Let v(w) = -3*w + 1. Let i = 4 - 5. Let x be 